{"id":125,"date":"2026-02-23T05:29:14","date_gmt":"2026-02-23T05:29:14","guid":{"rendered":"https:\/\/gestinsolenn-naturopathie.fr\/?page_id=125"},"modified":"2026-03-19T16:54:54","modified_gmt":"2026-03-19T16:54:54","slug":"le-f-t-emotional-freedom-technique","status":"publish","type":"page","link":"https:\/\/gestinsolenn-naturopathie.fr\/?page_id=125","title":{"rendered":"L&rsquo;E.F.T (Emotional Freedom Technique)"},"content":{"rendered":"\n<div class=\"wp-block-uagb-image uagb-block-8709d218 wp-block-uagb-image--layout-default wp-block-uagb-image--effect-static wp-block-uagb-image--align-none\"><figure class=\"wp-block-uagb-image__figure\"><img decoding=\"async\" srcset=\"https:\/\/gestinsolenn-naturopathie.fr\/wp-content\/uploads\/2026\/03\/EFT.jpg ,https:\/\/gestinsolenn-naturopathie.fr\/wp-content\/uploads\/2026\/03\/EFT.jpg 780w, https:\/\/gestinsolenn-naturopathie.fr\/wp-content\/uploads\/2026\/03\/EFT.jpg 360w\" sizes=\"auto, (max-width: 480px) 150px\" src=\"https:\/\/gestinsolenn-naturopathie.fr\/wp-content\/uploads\/2026\/03\/EFT.jpg\" alt=\"\" class=\"uag-image-234\" width=\"408\" height=\"253\" title=\"EFT\" loading=\"lazy\" role=\"img\"\/><\/figure><\/div>\n\n\n\n<p class=\"has-text-align-center\">L&rsquo;E.F.T provient de l\u2019anglais <strong>Emotional Freedom Techniques<\/strong>. C&rsquo;est l&rsquo;acronyme de \u00ab\u00a0Technique de Lib\u00e9ration Emotionnelle\u00a0\u00bb si l&rsquo;on traduit en fran\u00e7ais. Il s&rsquo;agit d&rsquo;une approche psychologique, corporelle et \u00e9nerg\u00e9tique, qui s\u2019articule autour de&nbsp;<strong>3 axes<\/strong>&nbsp;: le corps&nbsp;<strong>physique, le corps mental<\/strong>&nbsp;et&nbsp;le corps <strong>\u00e9motionnel<\/strong>. L\u2019EFT vous apprend \u00e0&nbsp;<strong>r\u00e9guler<\/strong>&nbsp;vos \u00e9motions et \u00e0 d\u00e9velopper votre intelligence \u00e9motionnelle en toute autonomie.<\/p>\n\n\n\n<p class=\"has-text-align-center\">La s\u00e9ance commence par un bref expos\u00e9 de votre probl\u00e9matique. Puis tout en d\u00e9crivant ce que vous traversez, vous proc\u00e9dez au tapping (tapotements) sur plusieurs points d&rsquo;acupuncture, situ\u00e9s sur les trajets de m\u00e9ridiens: au niveau des mains, du visage et du haut du corps.<\/p>\n\n\n\n<p class=\"has-text-align-center\">L&rsquo;\u00e9coute active du th\u00e9rapeute permet reformulation et approfondissement pour \u00eatre au plus juste de ce que vous ressentez, coupl\u00e9e \u00e0 la stimulation des points (par vos soins), cr\u00e9ent un passage entre l\u2019inconscient et le conscient. La \u201cd\u00e9programmation \u00e9motionnelle\u201d est alors en marche. <\/p>\n\n\n\n<p class=\"has-text-align-center\">Cette m\u00e9thode permet d\u2019aborder, dans un cadre s\u00e9curisant, ce qui est parfois difficile \u00e0 exprimer. Cette approche agit sur un grand nombre de&nbsp;<strong>traumatismes<\/strong>&nbsp;et ses&nbsp;cons\u00e9quences &nbsp;ainsi que sur les syndromes de&nbsp;<strong>stress post-traumatique<\/strong> <strong>simple&nbsp;<\/strong>(accident, harc\u00e8lement, agression, maladie, deuil, s\u00e9paration, crise d\u2019angoisse, acc\u00e8s de panique, phobies\u2026).<\/p>\n\n\n\n<p class=\"has-text-align-center\">Au-del\u00e0 des \u00e9preuves, certains comportements inconscients, certaines r\u00e9actions \u00e9motionnelles (peur, col\u00e8re, honte \u2026), certaines <strong>croyances<\/strong>&nbsp;limitantes (comme l&rsquo;auto-sabotage par exemple), peuvent nous mettre \u00e0 mal et \u00eatre tr\u00e8s \u00e9nergivore. Il est parfois n\u00e9cessaire de faire un pas de c\u00f4t\u00e9 et de regarder objectivement les sch\u00e9mas qui se r\u00e9p\u00e8tent dans nos vies et qui nous freinent.  Si l\u2019on consid\u00e8re que la vie est un processus permanent de cr\u00e9ation de soi et d\u2019\u00e9volution, cette m\u00e9thode offre un r\u00e9el soutien sur la voie de la transformation.<\/p>\n\n\n\n<p class=\"has-text-align-center\">  L\u2019EFT est <strong>accessible \u00e0 tous<\/strong> et peut apporter soulagement et apaisement dans de nombreux domaines, tant physique que psychique. <\/p>\n\n\n\n<div class=\"wp-block-uagb-image uagb-block-8819551a wp-block-uagb-image--layout-default wp-block-uagb-image--effect-static wp-block-uagb-image--align-none\"><figure class=\"wp-block-uagb-image__figure\"><img decoding=\"async\" srcset=\"https:\/\/gestinsolenn-naturopathie.fr\/wp-content\/uploads\/2026\/03\/taping.jpg ,https:\/\/gestinsolenn-naturopathie.fr\/wp-content\/uploads\/2026\/03\/taping.jpg 780w, https:\/\/gestinsolenn-naturopathie.fr\/wp-content\/uploads\/2026\/03\/taping.jpg 360w\" sizes=\"auto, (max-width: 480px) 150px\" src=\"https:\/\/gestinsolenn-naturopathie.fr\/wp-content\/uploads\/2026\/03\/taping.jpg\" alt=\"\" class=\"uag-image-235\" width=\"474\" height=\"316\" title=\"taping\" loading=\"lazy\" role=\"img\"\/><\/figure><\/div>\n","protected":false},"excerpt":{"rendered":"<p>L&rsquo;E.F.T provient de l\u2019anglais Emotional Freedom Techniques. C&rsquo;est l&rsquo;acronyme de \u00ab\u00a0Technique de Lib\u00e9ration Emotionnelle\u00a0\u00bb si l&rsquo;on traduit en fran\u00e7ais. Il s&rsquo;agit d&rsquo;une approche psychologique, corporelle et \u00e9nerg\u00e9tique, qui s\u2019articule autour de&nbsp;3 axes&nbsp;: le corps&nbsp;physique, le corps mental&nbsp;et&nbsp;le corps \u00e9motionnel. L\u2019EFT vous apprend \u00e0&nbsp;r\u00e9guler&nbsp;vos \u00e9motions et \u00e0 d\u00e9velopper votre intelligence \u00e9motionnelle en toute autonomie. La s\u00e9ance [&hellip;]<\/p>\n","protected":false},"author":1,"featured_media":0,"parent":0,"menu_order":0,"comment_status":"closed","ping_status":"closed","template":"","meta":{"_uag_custom_page_level_css":"","footnotes":""},"class_list":["post-125","page","type-page","status-publish","hentry"],"_hostinger_reach_plugin_has_subscription_block":false,"_hostinger_reach_plugin_is_elementor":false,"uagb_featured_image_src":{"full":false,"thumbnail":false,"medium":false,"medium_large":false,"large":false,"1536x1536":false,"2048x2048":false,"context-blog-card-slider-382X271":false,"context-blog-full-screen-slider-1440X550":false,"context-blog-gallery-slider-1-510X497":false,"context-blog-gallery-slider-2-footer-news-100X98":false,"context-blog-leaflet-slider-sidbarlatest-510X724":false,"context-blog-main-blog-1-1200X630":false,"context-blog-main-blog-2-538X382":false,"context-blog-aboutme-350X350":false,"context-blog-center-image-785X485":false},"uagb_author_info":{"display_name":"GESTIN Solenn","author_link":"https:\/\/gestinsolenn-naturopathie.fr\/?author=1"},"uagb_comment_info":0,"uagb_excerpt":"L&rsquo;E.F.T provient de l\u2019anglais Emotional Freedom Techniques. C&rsquo;est l&rsquo;acronyme de \u00ab\u00a0Technique de Lib\u00e9ration Emotionnelle\u00a0\u00bb si l&rsquo;on traduit en fran\u00e7ais. Il s&rsquo;agit d&rsquo;une approche psychologique, corporelle et \u00e9nerg\u00e9tique, qui s\u2019articule autour de&nbsp;3 axes&nbsp;: le corps&nbsp;physique, le corps mental&nbsp;et&nbsp;le corps \u00e9motionnel. L\u2019EFT vous apprend \u00e0&nbsp;r\u00e9guler&nbsp;vos \u00e9motions et \u00e0 d\u00e9velopper votre intelligence \u00e9motionnelle en toute autonomie. La s\u00e9ance\u2026","_links":{"self":[{"href":"https:\/\/gestinsolenn-naturopathie.fr\/index.php?rest_route=\/wp\/v2\/pages\/125","targetHints":{"allow":["GET"]}}],"collection":[{"href":"https:\/\/gestinsolenn-naturopathie.fr\/index.php?rest_route=\/wp\/v2\/pages"}],"about":[{"href":"https:\/\/gestinsolenn-naturopathie.fr\/index.php?rest_route=\/wp\/v2\/types\/page"}],"author":[{"embeddable":true,"href":"https:\/\/gestinsolenn-naturopathie.fr\/index.php?rest_route=\/wp\/v2\/users\/1"}],"replies":[{"embeddable":true,"href":"https:\/\/gestinsolenn-naturopathie.fr\/index.php?rest_route=%2Fwp%2Fv2%2Fcomments&post=125"}],"version-history":[{"count":4,"href":"https:\/\/gestinsolenn-naturopathie.fr\/index.php?rest_route=\/wp\/v2\/pages\/125\/revisions"}],"predecessor-version":[{"id":257,"href":"https:\/\/gestinsolenn-naturopathie.fr\/index.php?rest_route=\/wp\/v2\/pages\/125\/revisions\/257"}],"wp:attachment":[{"href":"https:\/\/gestinsolenn-naturopathie.fr\/index.php?rest_route=%2Fwp%2Fv2%2Fmedia&parent=125"}],"curies":[{"name":"wp","href":"https:\/\/api.w.org\/{rel}","templated":true}]}}